{"id":4282,"date":"2018-01-31T17:58:57","date_gmt":"2018-01-31T17:58:57","guid":{"rendered":"https:\/\/www.cronique.com\/?post_type=product&#038;p=4282"},"modified":"2026-03-04T09:54:01","modified_gmt":"2026-03-04T09:54:01","slug":"volante-momo-rally-2-cuero","status":"publish","type":"product","link":"https:\/\/www.cronique.com\/ca\/tienda\/recambios\/interior\/volante-momo-rally-2-cuero\/","title":{"rendered":"Volant MOMO Rally 2 Mod 02"},"content":{"rendered":"<p>&lt;<\/p>\n","protected":false},"excerpt":{"rendered":"<p>Volant MOMO Rally2 Mod 02\u00a0 de cuir .<\/p>\n<p>\u00c9s el model que es muntava als Integrale oficials de competici\u00f3 de l&#8217;\u00e8poca ( exactament era el de pell girada per condu\u00efr amb guants). Disposem tamb\u00e9 del model amb pell girada.<\/p>\n<p>&nbsp;<\/p>\n<p>&nbsp;<\/p>\n<p>&nbsp;<\/p>\n","protected":false},"featured_media":4283,"comment_status":"closed","ping_status":"closed","template":"","meta":{"_acf_changed":false},"product_cat":[202,203,229],"product_tag":[],"class_list":{"0":"post-4282","1":"product","2":"type-product","3":"status-publish","4":"has-post-thumbnail","6":"product_cat-recambios","7":"product_cat-interior","8":"product_cat-preparacion-sport","9":"product_shipping_class-paquete-tamano-especial","11":"first","12":"outofstock","13":"taxable","14":"shipping-taxable","15":"purchasable","16":"product-type-simple"},"acf":[],"_links":{"self":[{"href":"https:\/\/www.cronique.com\/ca\/wp-json\/wp\/v2\/product\/4282","targetHints":{"allow":["GET"]}}],"collection":[{"href":"https:\/\/www.cronique.com\/ca\/wp-json\/wp\/v2\/product"}],"about":[{"href":"https:\/\/www.cronique.com\/ca\/wp-json\/wp\/v2\/types\/product"}],"replies":[{"embeddable":true,"href":"https:\/\/www.cronique.com\/ca\/wp-json\/wp\/v2\/comments?post=4282"}],"wp:featuredmedia":[{"embeddable":true,"href":"https:\/\/www.cronique.com\/ca\/wp-json\/wp\/v2\/media\/4283"}],"wp:attachment":[{"href":"https:\/\/www.cronique.com\/ca\/wp-json\/wp\/v2\/media?parent=4282"}],"wp:term":[{"taxonomy":"product_cat","embeddable":true,"href":"https:\/\/www.cronique.com\/ca\/wp-json\/wp\/v2\/product_cat?post=4282"},{"taxonomy":"product_tag","embeddable":true,"href":"https:\/\/www.cronique.com\/ca\/wp-json\/wp\/v2\/product_tag?post=4282"}],"curies":[{"name":"wp","href":"https:\/\/api.w.org\/{rel}","templated":true}]}}

<p>Volant MOMO Rally2 Mod 02  de cuir .</p>
<p>És el model que es muntava als Integrale oficials de competició de l&#8217;època ( exactament era el de pell girada per conduïr amb guants). Disposem també del model amb pell girada.</p>
<p>&nbsp;</p>
<p>&nbsp;</p>
<p>&nbsp;</p>
