{"id":5277,"date":"2021-01-20T09:18:46","date_gmt":"2021-01-20T09:18:46","guid":{"rendered":"https:\/\/www.cronique.com\/?post_type=product&#038;p=5277"},"modified":"2025-07-28T10:31:16","modified_gmt":"2025-07-28T10:31:16","slug":"catala-tapa-distribucio-lancia-delta-integrale-16v-i-evo","status":"publish","type":"product","link":"https:\/\/www.cronique.com\/ca\/tienda\/recambios\/mecanica\/motor\/catala-tapa-distribucio-lancia-delta-integrale-16v-i-evo\/","title":{"rendered":"Tapa protectora principal de la distribuci\u00f3. Lancia Delta Integrale 16v \/ Evo"},"content":{"rendered":"","protected":false},"excerpt":{"rendered":"<p>Tapa de la corretja de distribuci\u00f3 per Lancia Delta Integrale 16v i Evo amb motor 16v. Pe\u00e7a de nova fabricaci\u00f3 en pl\u00e0stic i de gran qualitat (no \u00e9s fibra!).<\/p>\n","protected":false},"featured_media":5278,"comment_status":"closed","ping_status":"closed","template":"","meta":{"_acf_changed":false},"product_cat":[202,204,222],"product_tag":[],"class_list":{"0":"post-5277","1":"product","2":"type-product","3":"status-publish","4":"has-post-thumbnail","6":"product_cat-recambios","7":"product_cat-mecanica","8":"product_cat-motor","9":"product_shipping_class-caja-1-5-kgs","11":"first","12":"instock","13":"taxable","14":"shipping-taxable","15":"purchasable","16":"product-type-simple"},"acf":[],"_links":{"self":[{"href":"https:\/\/www.cronique.com\/ca\/wp-json\/wp\/v2\/product\/5277","targetHints":{"allow":["GET"]}}],"collection":[{"href":"https:\/\/www.cronique.com\/ca\/wp-json\/wp\/v2\/product"}],"about":[{"href":"https:\/\/www.cronique.com\/ca\/wp-json\/wp\/v2\/types\/product"}],"replies":[{"embeddable":true,"href":"https:\/\/www.cronique.com\/ca\/wp-json\/wp\/v2\/comments?post=5277"}],"wp:featuredmedia":[{"embeddable":true,"href":"https:\/\/www.cronique.com\/ca\/wp-json\/wp\/v2\/media\/5278"}],"wp:attachment":[{"href":"https:\/\/www.cronique.com\/ca\/wp-json\/wp\/v2\/media?parent=5277"}],"wp:term":[{"taxonomy":"product_cat","embeddable":true,"href":"https:\/\/www.cronique.com\/ca\/wp-json\/wp\/v2\/product_cat?post=5277"},{"taxonomy":"product_tag","embeddable":true,"href":"https:\/\/www.cronique.com\/ca\/wp-json\/wp\/v2\/product_tag?post=5277"}],"curies":[{"name":"wp","href":"https:\/\/api.w.org\/{rel}","templated":true}]}}

Tapa protectora principal de la distribució. Lancia Delta Integrale 16v / Evo

<p>Tapa de la corretja de distribució per Lancia Delta Integrale 16v i Evo amb motor 16v. Peça de nova fabricació en plàstic i de gran qualitat (no és fibra!).</p>
