{"id":5696,"date":"2021-02-25T11:26:19","date_gmt":"2021-02-25T11:26:19","guid":{"rendered":"https:\/\/www.cronique.com\/?post_type=product&#038;p=5696"},"modified":"2025-04-04T11:40:36","modified_gmt":"2025-04-04T11:40:36","slug":"cable-freno-de-mano-para-delta-evoluzione","status":"publish","type":"product","link":"https:\/\/www.cronique.com\/ca\/tienda\/recambios\/mecanica\/brakes\/cable-freno-de-mano-para-delta-evoluzione\/","title":{"rendered":"Cable fre de m\u00e0 per Lancia Delta Evoluzione"},"content":{"rendered":"","protected":false},"excerpt":{"rendered":"<p>La junta de goma t\u00e9 una mida lleugerament diferent a la de s\u00e8rie.<\/p>\n<p>Seria convenient canviar-la per la del cable que es desmonta.<\/p>\n","protected":false},"featured_media":5711,"comment_status":"closed","ping_status":"closed","template":"","meta":{"_acf_changed":false},"product_cat":[202,204,224],"product_tag":[],"class_list":{"0":"post-5696","1":"product","2":"type-product","3":"status-publish","4":"has-post-thumbnail","6":"product_cat-recambios","7":"product_cat-mecanica","8":"product_cat-brakes","9":"product_shipping_class-caja-1-5-kgs","11":"first","12":"instock","13":"taxable","14":"shipping-taxable","15":"purchasable","16":"product-type-simple"},"acf":[],"_links":{"self":[{"href":"https:\/\/www.cronique.com\/ca\/wp-json\/wp\/v2\/product\/5696","targetHints":{"allow":["GET"]}}],"collection":[{"href":"https:\/\/www.cronique.com\/ca\/wp-json\/wp\/v2\/product"}],"about":[{"href":"https:\/\/www.cronique.com\/ca\/wp-json\/wp\/v2\/types\/product"}],"replies":[{"embeddable":true,"href":"https:\/\/www.cronique.com\/ca\/wp-json\/wp\/v2\/comments?post=5696"}],"wp:featuredmedia":[{"embeddable":true,"href":"https:\/\/www.cronique.com\/ca\/wp-json\/wp\/v2\/media\/5711"}],"wp:attachment":[{"href":"https:\/\/www.cronique.com\/ca\/wp-json\/wp\/v2\/media?parent=5696"}],"wp:term":[{"taxonomy":"product_cat","embeddable":true,"href":"https:\/\/www.cronique.com\/ca\/wp-json\/wp\/v2\/product_cat?post=5696"},{"taxonomy":"product_tag","embeddable":true,"href":"https:\/\/www.cronique.com\/ca\/wp-json\/wp\/v2\/product_tag?post=5696"}],"curies":[{"name":"wp","href":"https:\/\/api.w.org\/{rel}","templated":true}]}}

Cable fre de mà per Lancia Delta Evoluzione

<p>La junta de goma té una mida lleugerament diferent a la de sèrie.</p>
<p>Seria convenient canviar-la per la del cable que es desmonta.</p>
