{"id":6723,"date":"2025-01-16T11:36:20","date_gmt":"2025-01-16T11:36:20","guid":{"rendered":"https:\/\/www.cronique.com\/?post_type=product&#038;p=6723"},"modified":"2025-02-14T15:40:06","modified_gmt":"2025-02-14T15:40:06","slug":"protector-carter-en-kevlar-tipo-gr-a-lancia-delta-integrale-8v-16v-evo","status":"publish","type":"product","link":"https:\/\/www.cronique.com\/ca\/tienda\/recambios\/preparacion-sport\/protector-carter-en-kevlar-tipo-gr-a-lancia-delta-integrale-8v-16v-evo\/","title":{"rendered":"Protector c\u00e0rter en kevlar tipus Gr.A. Lancia Delta Integrale 8v\/16v\/Evo"},"content":{"rendered":"","protected":false},"excerpt":{"rendered":"<p>\u00c9s necessari realitzar adaptacions i fer uns suports per colocar-lo.<\/p>\n<p>Per vehicles originals i sport recomanem el nostre protector d&#8217;alumini que ja inclou els suports i el muntatge \u00e9s m\u00e9s sencill ( el pot trobar a la nostra botiga amb la refer\u00e8ncia SKU: 3800)<\/p>\n","protected":false},"featured_media":6724,"comment_status":"closed","ping_status":"closed","template":"","meta":{"_acf_changed":false},"product_cat":[202,229,221],"product_tag":[],"class_list":{"0":"post-6723","1":"product","2":"type-product","3":"status-publish","4":"has-post-thumbnail","6":"product_cat-recambios","7":"product_cat-preparacion-sport","8":"product_cat-sin-categorizar","9":"product_shipping_class-consultar-el-importe-del-envio-en-croniquecronique-com","11":"first","12":"outofstock","13":"taxable","14":"shipping-taxable","15":"purchasable","16":"product-type-simple"},"acf":[],"_links":{"self":[{"href":"https:\/\/www.cronique.com\/ca\/wp-json\/wp\/v2\/product\/6723","targetHints":{"allow":["GET"]}}],"collection":[{"href":"https:\/\/www.cronique.com\/ca\/wp-json\/wp\/v2\/product"}],"about":[{"href":"https:\/\/www.cronique.com\/ca\/wp-json\/wp\/v2\/types\/product"}],"replies":[{"embeddable":true,"href":"https:\/\/www.cronique.com\/ca\/wp-json\/wp\/v2\/comments?post=6723"}],"wp:featuredmedia":[{"embeddable":true,"href":"https:\/\/www.cronique.com\/ca\/wp-json\/wp\/v2\/media\/6724"}],"wp:attachment":[{"href":"https:\/\/www.cronique.com\/ca\/wp-json\/wp\/v2\/media?parent=6723"}],"wp:term":[{"taxonomy":"product_cat","embeddable":true,"href":"https:\/\/www.cronique.com\/ca\/wp-json\/wp\/v2\/product_cat?post=6723"},{"taxonomy":"product_tag","embeddable":true,"href":"https:\/\/www.cronique.com\/ca\/wp-json\/wp\/v2\/product_tag?post=6723"}],"curies":[{"name":"wp","href":"https:\/\/api.w.org\/{rel}","templated":true}]}}

Protector càrter en kevlar tipus Gr.A. Lancia Delta Integrale 8v/16v/Evo

<p>És necessari realitzar adaptacions i fer uns suports per colocar-lo.</p>
<p>Per vehicles originals i sport recomanem el nostre protector d&#8217;alumini que ja inclou els suports i el muntatge és més sencill ( el pot trobar a la nostra botiga amb la referència SKU: 3800)</p>
